g(j) = j**3 - 8*j**2 - 47*j - 62. Let r be g(14). Let k = 493 + r. List the prime factors of k.
13, 73
Suppose -3*c - 100 = -5*v, 3*c - 3*v = -4*v - 70. What are the prime factors of 5205/c*30/(-9)?
2, 347
Suppose 5*q + 1 + 0 = 4*z, -q - 4 = 3*z. Let v(s) = -78*s**2 - 8*s. Let b(d) = 78*d**2 + 7*d. Let h(i) = 6*b(i) + 5*v(i). What are the prime factors of h(z)?
2, 19
Let f = 60 + -60. Suppose -1875 = -f*m - 5*m. List the prime factors of m.
3, 5
Let w = 6148 + -2657. Suppose 0 = -48*p + 4573 + w. What are the prime factors of p?
2, 3, 7
Suppose 22 = -5*m - 5*b - 3, 0 = -5*m - 4*b - 24. Let l be (-6)/(-4)*336/(-63). List the prime factors of 1 - (-7)/m - 190/l.
23
Let v = -331 + 86. Let n = -184 - v. List the prime factors of n.
61
Let f = -54 + -339. Let w = f + 780. List the prime factors of w.
3, 43
Let i(o) = o**3 + o**2 - 6*o - 56. Let p(q) = -q**3 - 2*q**2 + 6*q + 55. Let r(h) = 5*i(h) + 4*p(h). What are the prime factors of r(9)?
2, 3, 31
What are the prime factors of ((-63)/126)/((-2)/26832)?
2, 3, 13, 43
Suppose 513*c = 531*c - 459792. What are the prime factors of c?
2, 31, 103
Suppose -3*z + 51969 = -3*c, -46*z + c = -48*z + 34646. What are the prime factors of z?
17, 1019
Let q(g) = 5*g - 5 - 13*g**2 - 18*g**3 + 0*g**2 + 9*g**2. Let i be q(2). Let z = i - -268. What are the prime factors of z?
113
Let f be ((-14)/(-6) - 1) + (-8)/6. Suppose 2*n + f*n - 2*w = 1326, -5*n = 4*w - 3360. What are the prime factors of n?
2, 167
Let q be 11/(33/(-180)) - -2. Let c = 61 + q. Suppose 77 = w - 4*t, -30 = -w + c*t + 44. What are the prime factors of w?
5, 13
Let c(w) = w**2 + 9*w + 15. Let i be c(-14). Suppose i = v - 167. What are the prime factors of v?
2, 3, 7
List the prime factors of -5 + 9 + 1/2*949328/8.
3, 19, 347
Suppose -5*b = -3*m + 5987, 3*b = -2*m - 2*m + 7944. Suppose -9*r = 4*r - m. Suppose 5*t + k = -k + 680, t - r = 3*k. What are the prime factors of t?
2, 3, 23
Let y(x) = -7*x + 45. Let m(s) = s**3 - s**2 - 4*s + 3. Let v be m(2). Let q(p) = -14*p**2 - 5*p - 4. Let f be q(v). What are the prime factors of y(f)?
2, 17
Suppose 0 = 8*m - 5*m - 12. Suppose -588 = -4*q + m*r, 0 = q - 2*r - 0*r - 151. Suppose 175 = 3*w - 2*x, 3*w - x - q - 30 = 0. What are the prime factors of w?
3, 19
What are the prime factors of (-9 + (-190)/(-70))*7322/(-4)?
2, 11, 523
Suppose 0 = 162*u - 103*u + 60*u - 52360. List the prime factors of u.
2, 5, 11
Let f(t) = 62*t**2 - 171 + 208 - 19*t - 23*t**2. What are the prime factors of f(5)?
7, 131
Suppose -2*f = -2 - 16. Let d be f/(-21) + -33*(-24)/(-14). Let t = d - -78. List the prime factors of t.
3, 7
Let g(t) = t - 2. Suppose c + 3*k - 3 = 4, k = 4*c - 15. Let v be g(c). List the prime factors of v/3*(3129/14 - 6).
5, 29
Let j(n) = 257*n - 1243. What are the prime factors of j(13)?
2, 1049
Let u(o) = 11177*o + 1734. List the prime factors of u(3).
3, 5, 2351
What are the prime factors of (-16)/3*(-390984)/352?
2, 1481
Let q(z) = -349*z + 61. Let v be q(4). Let i = -809 - v. What are the prime factors of i?
2, 263
What are the prime factors of (-26)/(-78) - (51700/42)/(4/(-28))?
7, 1231
Suppose -176 + 48 = -4*y. Let u = y + -53. Let v = u + 36. What are the prime factors of v?
3, 5
Suppose 7 - 9 = 2*w, -2*w = p. Suppose -2*k + 4*l + 46 = 5*l, l = p. List the prime factors of k.
2, 11
Let s(q) = 3*q**3 + 1. Let n be s(-1). Let z(t) = -t**2 - 2*t - 5. Let y be z(n). Let c(o) = -o**3 + 12*o + 1. List the prime factors of c(y).
2, 3, 11
Let h(g) = 2*g**2 + 3*g - 33. Let q be (15/9)/(-3 - (-78)/27). List the prime factors of h(q).
2, 3, 31
Let i = 43 + 17. Let o = 63 - i. Suppose -5*v = 4*j - 430, -o*v - 444 = -4*j - v. What are the prime factors of j?
2, 5, 11
Let c(l) = 7*l**2 - 83*l - 67. What are the prime factors of c(-21)?
11, 433
List the prime factors of (7 - 392/42) + (-28452)/(-9) + 1.
2, 5, 79
Suppose h - 3 - 9 = 0. Let s = h - -858. List the prime factors of s.
2, 3, 5, 29
Suppose 5*v + 3*z = 2677, -2*v + 2*z + 1505 = 447. List the prime factors of ((-4)/12)/(v/267 + -2).
89
Let y be 13/(78/4) + 8/6. Let j be 0 + y + 3/(3/3). List the prime factors of (-2 - -2 - j)*-31.
5, 31
Suppose 6*v = 162 - 18. Suppose g + 8 = 2*z - 7, 5*z - v = -2*g. Suppose m = -5*q + 635, 0 = 2*q + z*m - m - 277. List the prime factors of q.
2, 3, 7
Suppose 4*w + 4*y = 3334 + 31742, -2*w = -y - 17553. List the prime factors of w.
2, 41, 107
Let p(h) = -h**3 - 17*h**2 + 3*h - 8. Let z(g) = g**3 + 18*g**2 - 4*g + 8. Let k(o) = 7*p(o) + 6*z(o). Let b be (-3 - 1)*1 + -7. List the prime factors of k(b).
5
Suppose 5*i - s = 218, -6*s + 160 = 4*i - 2*s. Let c be (21 + -5)/((-2)/(-4)). Let g = i + c. List the prime factors of g.
3, 5
Let b = 21785 - 9028. What are the prime factors of b?
12757
Let j(l) = 3*l**2 - 141*l + 1723. What are the prime factors of j(86)?
5, 2357
Let p(w) = w**3 - 7*w**2 + 7*w - 3. Suppose 4*s - 2*i = 16, 0*s + 3*s + 3*i - 30 = 0. Let u be p(s). Suppose 4*v - 322 = -u*v. What are the prime factors of v?
2, 23
Let s be ((-6)/3)/(16/(-56)). Suppose -s*y = -4*y + j - 784, j - 264 = -y. List the prime factors of y.
2, 5, 13
Let k = -19167 - -32566. List the prime factors of k.
13399
Suppose 52*f = 53*f - 4. Suppose -f*r - 3*x - 2*x + 1406 = 0, 0 = 2*r + 3*x - 704. List the prime factors of r.
349
Suppose -3*k + 3 = 0, 5*m + 0*k = -3*k + 13178. List the prime factors of m.
5, 17, 31
Suppose 0 = 3*n - b + 211, -3*n - 4*b = -2*n + 66. Let a = 210 + n. What are the prime factors of a?
2, 5, 7
Let p be (-1 - 2) + 1017 + 10 + -6. Suppose -3*d - g + 172 = -p, -2*d + 2*g = -780. What are the prime factors of d?
5, 79
Let y(h) = 12449*h + 329. What are the prime factors of y(3)?
2, 9419
Suppose 0 = x - 406 - 299. Suppose -129 = v - x. Suppose -z + v - 32 = 4*o, 385 = 3*o - 5*z. List the prime factors of o.
3, 5
Suppose 3*f - 17 = -2. Suppose -t + 5 = 0, -2*h - 11 = -3*t - 4. Suppose -h*d - 129 = -3*j - d, -f = -d. List the prime factors of j.
2, 3
What are the prime factors of (-122)/366 - 58411/(-3)?
2, 3, 5, 11, 59
Let j be (65/(-15) + (5 - 1))*-3. Let n be -11*3 + (j*-16)/(-4). What are the prime factors of (12 + n)/(2/(-28))?
2, 7, 17
Let s(h) be the first derivative of 1 + 20/3*h**3 + 1/2*h**2 - 4*h. What are the prime factors of s(-2)?
2, 37
Let p = -14 - 62. Let t = p + 132. What are the prime factors of t?
2, 7
Let n(d) = d**3 + 9*d**2 - 1. Let o = -72 - -63. Let c be n(o). Let q(y) = -153*y**3 - 2*y - 1. List the prime factors of q(c).
2, 7, 11
Let p be (-804)/(-10) + (-5)/(-25)*-2. Let m = -61 + p. What are the prime factors of (-2)/(-2)*m/(95/630)?
2, 3, 7
Let a(d) = 6*d**2 + 2*d + 15. Let v be a(-9). Suppose -i + 3*i - 456 = 0. Suppose 9*p - i = v. List the prime factors of p.
79
Let a be -2*(25/(-6) - (-2)/3). Let c(j) = -j**3 + 5*j**2 + 16*j - 10. Let k be c(a). List the prime factors of 1*(1 - k) - -139.
2, 17
List the prime factors of ((-5)/(-10)*411)/(1/18).
3, 137
Suppose 42840*m - 303 = 42837*m. Let w(l) = -16*l**2 - l + 1. Let g be w(-2). Let a = m + g. What are the prime factors of a?
2, 5
Let l(i) = 142*i**2 - 1205*i + 18. List the prime factors of l(19).
5, 7, 811
Suppose 0 = -128*g + 127*g + 1023. Suppose -2*y + 4*r = -650, -4*y + r + 249 = -g. List the prime factors of y.
317
Suppose -4*c - 4*x = 28, 3*c + 0*c = -5*x - 21. What are the prime factors of 1 + c + 13 + 1538?
3, 5, 103
Let q be ((-6)/18)/(-2*3/15804). List the prime factors of (q/4 - -1)*(29 - 27).
3, 7
Suppose -6*h - 41 = -2093. Suppose -2*f = -4*c - 0*f + h, -2*f = c - 88. List the prime factors of c.
2, 43
Let v(i) = 32*i**2 + 7. Suppose -s + 9 = 2*z - z, 11 = -z + 3*s. List the prime factors of v(z).
3, 173
Let b = 569 + -569. Suppose -169*i + 168*i + 387 = b. What are the prime factors of i?
3, 43
Suppose 4*p - 6*p = -4. Suppose -2*g - 3*y + 6 = 0, -p*g - 2*g = 2*y - 4. Suppose g*h = 2*h - 476. List the prime factors of h.
2, 7, 17
Let l(w) = w**3 - 7*w**2 + 7*w - 12. Let z be l(6). Let b(g) = g**2 - 7*g - 30. List the prime factors of b(z).
2, 3
Suppose 0 = -4*l - 5*u + 19181, -11*l + 16*l = 3*u + 23967. What are the prime factors of l?
2, 3, 17, 47
Let n be 90/60*216420/9. Suppose n + 11101 = 43*g. What are the prime factors of g?
1097
Let t(x) = x**2 - 10*x + 24. Let j be t(6). Let m be (-7 - (j + -3)) + 6. What ar